{"id":89,"date":"2019-07-04T08:13:26","date_gmt":"2019-07-04T08:13:26","guid":{"rendered":"http:\/\/172.16.16.52\/?page_id=89"},"modified":"2024-11-14T12:28:23","modified_gmt":"2024-11-14T12:28:23","slug":"registration-accommodation","status":"publish","type":"page","link":"https:\/\/imcidu.idu.edu.tr\/index.php\/registration-accommodation\/","title":{"rendered":"Kay\u0131t"},"content":{"rendered":"<p><strong>KONGREM\u0130Z Y\u00dcZ Y\u00dcZE VE ONL\u0130NE OLARAK H\u0130BR\u0130T GER\u00c7EKLE\u015eT\u0130R\u0130LECEKT\u0130R.<\/strong><\/p>\n<p>KAYIT \u00dcCRET\u0130, Y\u00dcZ Y\u00dcZE KATILIM SA\u011eLAYACAKLAR \u0130\u00c7\u0130N KONGRE MERKEZ\u0130 \u00dcCRETLER\u0130 A\u015eA\u011eIDA BEL\u0130RT\u0130LM\u0130\u015eT\u0130R.<\/p>\n<p><a class=\"button\" href=\"http:\/\/imcidu.idu.edu.tr\/basvuru\/\">Kay\u0131t Ol<\/a><\/p>\n<table style=\"height: 426px;\" width=\"867\">\n<tbody>\n<tr>\n<td width=\"201\"><\/td>\n<td width=\"201\"><b>KAYIT \u00dcCRET\u0130<\/b><\/p>\n<p>&nbsp;<\/td>\n<td width=\"201\">&nbsp;<\/p>\n<p>&nbsp;<\/td>\n<\/tr>\n<tr>\n<td width=\"201\"><strong>Kay\u0131t \u00dccreti*<\/strong><\/td>\n<td width=\"201\">\u00a01300 TL*<\/p>\n<p>Ziraat Bankas\u0131 \u0130zmir Demokrasi \u00dcniversitesi T\u0131p Fak\u00fcltesi D\u00f6ner Sermaye Birimi (T\u00fcrk Liras\u0131)<\/p>\n<p>IBAN: TR 5300 0100 1533 9782 9654 5001<\/td>\n<td width=\"201\">\u00a050 Euro<\/p>\n<p>Ziraat Bankas\u0131 \u0130zmir Demokrasi \u00dcniversitesi T\u0131p Fak\u00fcltesi D\u00f6ner Sermaye Birimi (Euro)<\/p>\n<p>IBAN: TR6900 0100 1533 9782 9654 5004<\/td>\n<\/tr>\n<tr>\n<td width=\"201\"><strong>Ek Bildiri Ba\u015f\u0131na<\/strong><\/td>\n<td width=\"201\">\u00a0700 TL<\/p>\n<p>Ziraat Bankas\u0131 \u0130zmir Demokrasi \u00dcniversitesi T\u0131p Fak\u00fcltesi D\u00f6ner Sermaye Birimi (T\u00fcrk Liras\u0131)<\/p>\n<p>IBAN: TR 5300 0100 1533 9782 9654 5001<\/td>\n<td width=\"201\"><\/td>\n<\/tr>\n<\/tbody>\n<\/table>\n<p>* <em><strong>Asistan Hekimler ve \u00dcniversite \u00d6\u011frencileri i\u00e7in Kay\u0131t \u00dccreti: 1000 TL<\/strong><\/em><\/p>\n<p>BU YIL 6.SI D\u00dcZENLENECEK OLAN KONGREM\u0130Z\u00a0 ONL\u0130NE VE Y\u00dcZ Y\u00dcZE OLARAK \u0130ZM\u0130R-SEFER\u0130H\u0130SAR&#8217;DA 5 &#8211; 6 ARALIK TAR\u0130HLER\u0130NDE GER\u00c7EKLE\u015eECEKT\u0130R.<\/p>\n<p>F\u0130Z\u0130KSEL OLARAK KATILIM SA\u011eLAYACAK KATILIMCILARIMIZ \u0130\u00c7\u0130N \u00dcCRETLEND\u0130RME A\u015eA\u011eIDAK\u0130 G\u0130B\u0130D\u0130R.<\/p>\n<p><strong>G\u00dcN\u00dcB\u0130RL\u0130K KULLANIM:<\/strong> <strong>1000 TL \/ G\u00dcN (PER\u015eEMBE-CUMA 2 G\u00dcN)<\/strong><\/p>\n<p>OTEL KONAKLAMA \u00dcCRET\u0130:<\/p>\n<p><strong>\u00c7\u0130FT K\u0130\u015e\u0130L\u0130K ODALARDA K\u0130\u015e\u0130 BA\u015eI 2000 \/ GECE<\/strong><\/p>\n<p><strong>TEK K\u0130\u015e\u0130L\u0130K ODALARDA K\u0130\u015e\u0130 BA\u015eI 3000 \/ GECE<\/strong><\/p>\n<p>https:\/\/www.royalteos.com\/<\/p>\n<p><a class=\"button\" href=\"http:\/\/imcidu.idu.edu.tr\/basvuru\/\">Kay\u0131t Ol<\/a><\/p>\n<p>&nbsp;<\/p>","protected":false},"excerpt":{"rendered":"<p>KONGREM\u0130Z Y\u00dcZ Y\u00dcZE VE ONL\u0130NE OLARAK H\u0130BR\u0130T GER\u00c7EKLE\u015eT\u0130R\u0130LECEKT\u0130R. KAYIT \u00dcCRET\u0130, Y\u00dcZ Y\u00dcZE KATILIM SA\u011eLAYACAKLAR \u0130\u00c7\u0130N KONGRE MERKEZ\u0130 \u00dcCRETLER\u0130 A\u015eA\u011eIDA BEL\u0130RT\u0130LM\u0130\u015eT\u0130R. Kay\u0131t Ol KAYIT \u00dcCRET\u0130 &nbsp; &nbsp; &nbsp; Kay\u0131t \u00dccreti* \u00a01300 TL* Ziraat Bankas\u0131 \u0130zmir Demokrasi \u00dcniversitesi T\u0131p Fak\u00fcltesi D\u00f6ner Sermaye Birimi (T\u00fcrk Liras\u0131) IBAN: TR 5300 0100 1533 9782 9654 5001 \u00a050 Euro Ziraat Bankas\u0131&#8230;<\/p>\n","protected":false},"author":1,"featured_media":0,"parent":0,"menu_order":0,"comment_status":"closed","ping_status":"closed","template":"","meta":{"footnotes":""},"class_list":["post-89","page","type-page","status-publish","hentry"],"_links":{"self":[{"href":"https:\/\/imcidu.idu.edu.tr\/index.php\/wp-json\/wp\/v2\/pages\/89","targetHints":{"allow":["GET"]}}],"collection":[{"href":"https:\/\/imcidu.idu.edu.tr\/index.php\/wp-json\/wp\/v2\/pages"}],"about":[{"href":"https:\/\/imcidu.idu.edu.tr\/index.php\/wp-json\/wp\/v2\/types\/page"}],"author":[{"embeddable":true,"href":"https:\/\/imcidu.idu.edu.tr\/index.php\/wp-json\/wp\/v2\/users\/1"}],"replies":[{"embeddable":true,"href":"https:\/\/imcidu.idu.edu.tr\/index.php\/wp-json\/wp\/v2\/comments?post=89"}],"version-history":[{"count":76,"href":"https:\/\/imcidu.idu.edu.tr\/index.php\/wp-json\/wp\/v2\/pages\/89\/revisions"}],"predecessor-version":[{"id":1258,"href":"https:\/\/imcidu.idu.edu.tr\/index.php\/wp-json\/wp\/v2\/pages\/89\/revisions\/1258"}],"wp:attachment":[{"href":"https:\/\/imcidu.idu.edu.tr\/index.php\/wp-json\/wp\/v2\/media?parent=89"}],"curies":[{"name":"wp","href":"https:\/\/api.w.org\/{rel}","templated":true}]}}