{"id":73,"date":"2019-07-04T08:03:26","date_gmt":"2019-07-04T08:03:26","guid":{"rendered":"http:\/\/172.16.16.52\/?page_id=73"},"modified":"2024-11-21T09:49:31","modified_gmt":"2024-11-21T09:49:31","slug":"genel-bilgiler","status":"publish","type":"page","link":"https:\/\/imcidu.idu.edu.tr\/index.php\/genel-bilgiler\/","title":{"rendered":"Genel Bilgiler"},"content":{"rendered":"<p><\/p>\n<h2><img loading=\"lazy\" decoding=\"async\" class=\"\" src=\"http:\/\/imcidu.idu.edu.tr\/wp-content\/uploads\/2024\/09\/cropped-Banner-e1731574431415.png\" alt=\"6. \u0131mc\u0131du 2024 Banner\" width=\"945\" height=\"528\" \/><\/h2>\n<h2><\/h2>\n<h2 style=\"text-align: center;\"><strong>6.Uluslararas\u0131 \u0130zmir Demokrasi \u00dcniversitesi T\u0131p Kongresi<br \/>\n(IMCIDU 2024)<\/strong><\/h2>\n<h2 style=\"text-align: center;\"><strong>05. &#8211; 06. Aral\u0131k 2024<br \/>\nOnline (MS Teams) ve Y\u00fcz y\u00fcze (Seferihisar\/\u0130ZM\u0130R)*<\/strong><\/h2>\n<p>* KAYIT B\u0130LG\u0130LER\u0130 \u0130\u00c7\u0130N KAYIT SEKMES\u0130NE BAKINIZ<\/p>\n<p><strong>Genel Bilgiler *\u00a0<\/strong><\/p>\n<p><strong>Kongre Tarihi ve Yeri<br \/>\n<\/strong>6. Uluslararas\u0131 \u0130zmir Demokrasi \u00dcniversitesi T\u0131p Kongresi <strong>(IMCIDU 2024)<\/strong> <strong>0. &#8211; 0. Aral\u0131k 2024 <\/strong>tarihleri aras\u0131nda hibrit (y\u00fcz y\u00fcze ve \u00e7evrimi\u00e7i) olarak ger\u00e7ekle\u015ftirilecektir. Kongre ana temas\u0131 &#8220;A\u011fr\u0131&#8221; olup <strong>t\u0131bb\u0131n her alan\u0131ndan ana tema d\u0131\u015f\u0131ndaki konulardan \u00e7al\u0131\u015fmalar da de\u011ferlendirmeye al\u0131nacakt\u0131r.<\/strong><\/p>\n<p><strong>Kongre Dili<br \/>\n<\/strong>Kongre dili T\u00fcrk\u00e7e ve \u0130ngilizce olacakt\u0131r.<\/p>\n<p><strong>Davet Mektubu<\/strong><br \/>\nKat\u0131l\u0131mc\u0131lara talep etmeleri durumunda davet mektubu g\u00f6nderilecektir. Bu davet mektubu sadece kat\u0131l\u0131mc\u0131lar\u0131n ba\u011fl\u0131 bulundu\u011fu kurumlardan izin alabilmesine yard\u0131mc\u0131 olmak amac\u0131 ta\u015f\u0131maktad\u0131r.<\/p>\n<p><strong>Kat\u0131l\u0131m Sertifikas\u0131, Bildiri Kitap\u00e7\u0131\u011f\u0131 ve Uluslararas\u0131 Kitap B\u00f6l\u00fcm\u00fc\u00a0<\/strong><br \/>\nKongreye kay\u0131t yapt\u0131ran t\u00fcm kat\u0131l\u0131mc\u0131lara kat\u0131l\u0131m sertifikas\u0131 verilecektir. Bildiri \u00f6zeti\/tam metni ISBN numaral\u0131 Kongre Bildiri Kitap\u00e7\u0131\u011f\u0131&#8217;nda (\u00dcAK Do\u00e7entlik Kriterlerini kar\u015f\u0131lamaktad\u0131r)\u00a0 yay\u0131mlanacakt\u0131r.<\/p>\n<p>&nbsp;<\/p>\n<h2><strong>\u0130zmir Demokrasi \u00dcniversitesi T\u0131p Fak\u00fcltesi<\/strong><\/h2>\n<p><img loading=\"lazy\" decoding=\"async\" class=\"alignnone size-full wp-image-196\" src=\"http:\/\/imcidu.idu.edu.tr\/wp-content\/uploads\/2019\/07\/IMG_0164.jpg\" alt=\"\" width=\"3456\" height=\"2304\" srcset=\"https:\/\/imcidu.idu.edu.tr\/wp-content\/uploads\/2019\/07\/IMG_0164.jpg 3456w, https:\/\/imcidu.idu.edu.tr\/wp-content\/uploads\/2019\/07\/IMG_0164-300x200.jpg 300w, https:\/\/imcidu.idu.edu.tr\/wp-content\/uploads\/2019\/07\/IMG_0164-768x512.jpg 768w, https:\/\/imcidu.idu.edu.tr\/wp-content\/uploads\/2019\/07\/IMG_0164-1024x683.jpg 1024w\" sizes=\"auto, (max-width: 3456px) 100vw, 3456px\" \/><\/p>\n<p><img loading=\"lazy\" decoding=\"async\" class=\"alignnone size-full wp-image-197\" src=\"http:\/\/imcidu.idu.edu.tr\/wp-content\/uploads\/2019\/07\/IMG_0166.jpg\" alt=\"\" width=\"1944\" height=\"1296\" srcset=\"https:\/\/imcidu.idu.edu.tr\/wp-content\/uploads\/2019\/07\/IMG_0166.jpg 1944w, https:\/\/imcidu.idu.edu.tr\/wp-content\/uploads\/2019\/07\/IMG_0166-300x200.jpg 300w, https:\/\/imcidu.idu.edu.tr\/wp-content\/uploads\/2019\/07\/IMG_0166-768x512.jpg 768w, https:\/\/imcidu.idu.edu.tr\/wp-content\/uploads\/2019\/07\/IMG_0166-1024x683.jpg 1024w\" sizes=\"auto, (max-width: 1944px) 100vw, 1944px\" \/>2017 y\u0131l\u0131nda kurulmu\u015f\u00a0olan ve 2018 y\u0131l\u0131nda E\u011fitim-\u00d6\u011fretim faaliyetlerine ba\u015flayan \u0130zmir Demokrasi \u00dcniversitesi T\u0131p Fak\u00fcltesi, k\u0131sa zamanda yapt\u0131\u011f\u0131 e\u011fitim ve ara\u015ft\u0131rma faaliyetleri ile \u00fclkemizin en h\u0131zl\u0131 b\u00fcy\u00fcyen fak\u00fcltelerinden birisidir.<\/p>\n<p><img loading=\"lazy\" decoding=\"async\" class=\"alignnone size-full wp-image-559\" src=\"http:\/\/imcidu.idu.edu.tr\/wp-content\/uploads\/2020\/09\/Screen-Shot-2020-09-10-at-15.25.30.jpg\" alt=\"\" width=\"1437\" height=\"1077\" srcset=\"https:\/\/imcidu.idu.edu.tr\/wp-content\/uploads\/2020\/09\/Screen-Shot-2020-09-10-at-15.25.30.jpg 1437w, https:\/\/imcidu.idu.edu.tr\/wp-content\/uploads\/2020\/09\/Screen-Shot-2020-09-10-at-15.25.30-300x225.jpg 300w, https:\/\/imcidu.idu.edu.tr\/wp-content\/uploads\/2020\/09\/Screen-Shot-2020-09-10-at-15.25.30-768x576.jpg 768w, https:\/\/imcidu.idu.edu.tr\/wp-content\/uploads\/2020\/09\/Screen-Shot-2020-09-10-at-15.25.30-1024x767.jpg 1024w\" sizes=\"auto, (max-width: 1437px) 100vw, 1437px\" \/><img loading=\"lazy\" decoding=\"async\" class=\"alignnone size-full wp-image-560\" src=\"http:\/\/imcidu.idu.edu.tr\/wp-content\/uploads\/2020\/09\/Screen-Shot-2020-09-10-at-15.25.42.jpg\" alt=\"\" width=\"1434\" height=\"1074\" srcset=\"https:\/\/imcidu.idu.edu.tr\/wp-content\/uploads\/2020\/09\/Screen-Shot-2020-09-10-at-15.25.42.jpg 1434w, https:\/\/imcidu.idu.edu.tr\/wp-content\/uploads\/2020\/09\/Screen-Shot-2020-09-10-at-15.25.42-300x225.jpg 300w, https:\/\/imcidu.idu.edu.tr\/wp-content\/uploads\/2020\/09\/Screen-Shot-2020-09-10-at-15.25.42-768x575.jpg 768w, https:\/\/imcidu.idu.edu.tr\/wp-content\/uploads\/2020\/09\/Screen-Shot-2020-09-10-at-15.25.42-1024x767.jpg 1024w\" sizes=\"auto, (max-width: 1434px) 100vw, 1434px\" \/><\/p>\n<p>\u0130zmir Demokrasi \u00dcniversitesi T\u0131p Fak\u00fcltesi, milli ve manevi de\u011ferler \u0131\u015f\u0131\u011f\u0131nda bilim d\u00fcnyas\u0131na katk\u0131da bulunmak amac\u0131 ile insani de\u011ferlere ba\u011fl\u0131, en \u00fcst d\u00fczey t\u0131p e\u011fitimi alm\u0131\u015f, t\u0131p teknolojilerine hakim, bilgiye ula\u015fma yollar\u0131n\u0131 bilen, g\u00fcncel tan\u0131 ve tedavi y\u00f6ntemlerini uygulayabilen, iyi ileti\u015fim kurabilen, etik de\u011ferlere sayg\u0131l\u0131, ekip \u00e7al\u0131\u015fmas\u0131na yatk\u0131n ve \u00f6nderlik nitelikleri kazanm\u0131\u015f, \u00fclke ve d\u00fcnya ger\u00e7eklerine duyarl\u0131, kan\u0131ta dayal\u0131, b\u00f6lgesel, ulusal gereksinimler do\u011frultusunda toplumun ya\u015fam kalitesini y\u00fckseltmek amac\u0131 ile kaliteli sa\u011fl\u0131k hizmeti sunabilen, ulusal ve uluslararas\u0131 bilim d\u00fcnyas\u0131na katk\u0131da bulunacak hekimler yeti\u015ftirmeyi hedeflemektedir.<\/p>\n<p><img loading=\"lazy\" decoding=\"async\" class=\"alignnone size-full wp-image-563\" src=\"http:\/\/imcidu.idu.edu.tr\/wp-content\/uploads\/2020\/09\/3EF12B76-2779-4E5B-B279-D243300695A1.jpg\" alt=\"\" width=\"1200\" height=\"900\" srcset=\"https:\/\/imcidu.idu.edu.tr\/wp-content\/uploads\/2020\/09\/3EF12B76-2779-4E5B-B279-D243300695A1.jpg 1200w, https:\/\/imcidu.idu.edu.tr\/wp-content\/uploads\/2020\/09\/3EF12B76-2779-4E5B-B279-D243300695A1-300x225.jpg 300w, https:\/\/imcidu.idu.edu.tr\/wp-content\/uploads\/2020\/09\/3EF12B76-2779-4E5B-B279-D243300695A1-768x576.jpg 768w, https:\/\/imcidu.idu.edu.tr\/wp-content\/uploads\/2020\/09\/3EF12B76-2779-4E5B-B279-D243300695A1-1024x768.jpg 1024w\" sizes=\"auto, (max-width: 1200px) 100vw, 1200px\" \/><\/p>","protected":false},"excerpt":{"rendered":"<p>6.Uluslararas\u0131 \u0130zmir Demokrasi \u00dcniversitesi T\u0131p Kongresi (IMCIDU 2024) 05. &#8211; 06. Aral\u0131k 2024 Online (MS Teams) ve Y\u00fcz y\u00fcze (Seferihisar\/\u0130ZM\u0130R)* * KAYIT B\u0130LG\u0130LER\u0130 \u0130\u00c7\u0130N KAYIT SEKMES\u0130NE BAKINIZ Genel Bilgiler *\u00a0 Kongre Tarihi ve Yeri 6. Uluslararas\u0131 \u0130zmir Demokrasi \u00dcniversitesi T\u0131p Kongresi (IMCIDU 2024) 0. &#8211; 0. Aral\u0131k 2024 tarihleri aras\u0131nda hibrit (y\u00fcz y\u00fcze ve \u00e7evrimi\u00e7i)&#8230;<\/p>\n","protected":false},"author":1,"featured_media":0,"parent":0,"menu_order":0,"comment_status":"closed","ping_status":"closed","template":"","meta":{"footnotes":""},"class_list":["post-73","page","type-page","status-publish","hentry"],"_links":{"self":[{"href":"https:\/\/imcidu.idu.edu.tr\/index.php\/wp-json\/wp\/v2\/pages\/73","targetHints":{"allow":["GET"]}}],"collection":[{"href":"https:\/\/imcidu.idu.edu.tr\/index.php\/wp-json\/wp\/v2\/pages"}],"about":[{"href":"https:\/\/imcidu.idu.edu.tr\/index.php\/wp-json\/wp\/v2\/types\/page"}],"author":[{"embeddable":true,"href":"https:\/\/imcidu.idu.edu.tr\/index.php\/wp-json\/wp\/v2\/users\/1"}],"replies":[{"embeddable":true,"href":"https:\/\/imcidu.idu.edu.tr\/index.php\/wp-json\/wp\/v2\/comments?post=73"}],"version-history":[{"count":46,"href":"https:\/\/imcidu.idu.edu.tr\/index.php\/wp-json\/wp\/v2\/pages\/73\/revisions"}],"predecessor-version":[{"id":1255,"href":"https:\/\/imcidu.idu.edu.tr\/index.php\/wp-json\/wp\/v2\/pages\/73\/revisions\/1255"}],"wp:attachment":[{"href":"https:\/\/imcidu.idu.edu.tr\/index.php\/wp-json\/wp\/v2\/media?parent=73"}],"curies":[{"name":"wp","href":"https:\/\/api.w.org\/{rel}","templated":true}]}}